 by 189?
182
Calculate the remainder when 22037 is divided by 1694.
15
Calculate the remainder when 20054 is divided by 38.
28
What is the remainder when 1157 is divided by 270?
77
Calculate the remainder when 428 is divided by 381.
47
What is the remainder when 1356 is divided by 764?
592
What is the remainder when 5148 is divided by 476?
388
Calculate the remainder when 20997 is divided by 268.
93
Calculate the remainder when 151684 is divided by 386.
372
Calculate the remainder when 19746 is divided by 2213.
2042
Calculate the remainder when 3401 is divided by 20.
1
What is the remainder when 1158 is divided by 1018?
140
Calculate the remainder when 1755 is divided by 152.
83
Calculate the remainder when 112424 is divided by 37469.
17
Calculate the remainder when 8360 is divided by 47.
41
What is the remainder when 358783 is divided by 21?
19
What is the remainder when 11713 is divided by 1030?
383
Calculate the remainder when 956 is divided by 44.
32
What is the remainder when 239422 is divided by 597?
25
Calculate the remainder when 79569 is divided by 173.
162
Calculate the remainder when 330387 is divided by 165183.
21
What is the remainder when 4539 is divided by 13?
2
What is the remainder when 15048 is divided by 188?
8
Calculate the remainder when 24608 is divided by 10.
8
Calculate the remainder when 316586 is divided by 376.
370
Calculate the remainder when 24774 is divided by 918.
906
Calculate the remainder when 108944 is divided by 13.
4
What is the remainder when 7695 is divided by 850?
45
What is the remainder when 153137 is divided by 13?
10
What is the remainder when 2017389 is divided by 53?
50
Calculate the remainder when 37325 is divided by 19.
9
What is the remainder when 69460 is divided by 287?
6
Calculate the remainder when 14190 is divided by 185.
130
Calculate the remainder when 2453 is divided by 37.
11
Calculate the remainder when 378045 is divided by 48.
45
Calculate the remainder when 77823 is divided by 38879.
65
Calculate the remainder when 513114 is divided by 15.
9
Calculate the remainder when 501004 is divided by 14735.
14
Calculate the remainder when 1248 is divided by 296.
64
Calculate the remainder when 10633 is divided by 1283.
369
What is the remainder when 342935 is divided by 1238?
9
Calculate the remainder when 30095 is divided by 212.
203
Calculate the remainder when 67094 is divided by 108.
26
What is the remainder when 10571 is divided by 74?
63
Calculate the remainder when 1346950 is divided by 673466.
18
What is the remainder when 18045 is divided by 64?
61
What is the remainder when 165059 is divided by 30?
29
What is the remainder when 9771 is divided by 233?
218
Calculate the remainder when 64828 is divided by 9258.
22
Calculate the remainder when 284157 is divided by 240.
237
Calculate the remainder when 593727 is divided by 270.
267
What is the remainder when 11046 is divided by 29?
26
What is the remainder when 11757 is divided by 3865?
162
Calculate the remainder when 184377 is divided by 13.
11
Calculate the remainder when 1092 is divided by 12.
0
Calculate the remainder when 72928 is divided by 829.
805
Calculate the remainder when 6314 is divided by 299.
35
Calculate the remainder when 28836 is divided by 9612.
0
What is the remainder when 50821 is divided by 137?
131
Calculate the remainder when 58151 is divided by 19349.
104
What is the remainder when 33128 is divided by 160?
8
What is the remainder when 5548 is divided by 29?
9
Calculate the remainder when 6349 is divided by 3163.
23
What is the remainder when 54731 is divided by 115?
106
Calculate the remainder when 4944 is divided by 2434.
76
Calculate the remainder when 135582 is divided by 65.
57
What is the remainder when 842165 is divided by 16?
5
What is the remainder when 6946 is divided by 215?
66
Calculate the remainder when 1074 is divided by 260.
34
Calculate the remainder when 1769682 is divided by 15.
12
What is the remainder when 375302 is divided by 344?
342
What is the remainder when 804568 is divided by 289?
281
Calculate the remainder when 8137 is divided by 176.
41
What is the remainder when 803995 is divided by 442?
439
What is the remainder when 1933468 is divided by 34?
24
What is the remainder when 47584 is divided by 23755?
74
What is the remainder when 30907 is divided by 80?
27
What is the remainder when 27577 is divided by 22?
11
Calculate the remainder when 30049 is divided by 44.
41
What is the remainder when 3224 is divided by 402?
8
Calculate the remainder when 2297 is divided by 377.
35
What is the remainder when 46346 is divided by 948?
842
Calculate the remainder when 2081 is divided by 22.
13
Calculate the remainder when 145902 is divided by 15.
12
Calculate the remainder when 6704 is divided by 2116.
356
What is the remainder when 3638 is divided by 1471?
696
Calculate the remainder when 141822 is divided by 277.
275
What is the remainder when 534345 is divided by 11369?
2
Calculate the remainder when 77820 is divided by 1342.
1326
Calculate the remainder when 1749 is divided by 365.
289
Calculate the remainder when 17515 is divided by 8741.
33
Calculate the remainder when 4015 is divided by 15.
10
Calculate the remainder when 17742 is divided by 1365.
1362
Calculate the remainder when 53858 is divided by 3588.
38
Calculate the remainder when 1477 is divided by 292.
17
What is the remainder when 484 is divided by 110?
44
What is the remainder when 27553 is divided by 1966?
29
Calculate the remainder when 82008 is divided by 59.
57
Calculate the remainder when 64663 is divided by 317.
312
What is the remainder when 5913 is divided by 29?
26
Calculate the remainder when 10018 is divided by 383.
60
What is the remainder when 533692 is divided by 1906?
12
Calculate the remainder when 833 is divided by 4.
1
Calculate the remainder when 6701 is divided by 86.
79
What is the remainder when 9958 is divided by 3295?
73
Calculate the remainder when 152011 is divided by 97.
12
Calculate the remainder when 395129 is divided by 148.
117
What is the remainder when 30347 is divided by 281?
280
What is the remainder when 2298 is divided by 952?
394
Calculate the remainder when 177357 is divided by 15.
12
What is the remainder when 2604 is divided by 789?
237
Calculate the remainder when 3218 is divided by 1048.
74
What is the remainder when 4194 is divided by 350?
344
Calculate the remainder when 105223 is divided by 35069.
16
What is the remainder when 3904 is divided by 780?
4
What is the remainder when 4485 is divided by 618?
159
What is the remainder when 25032 is divided by 313?
305
What is the remainder when 2048 is divided by 495?
68
Calculate the remainder when 3135 is divided by 282.
33
Calculate the remainder when 57973 is divided by 82.
81
What is the remainder when 66 is divided by 6?
0
Calculate the remainder when 76995 is divided by 313.
310
What is the remainder when 1419 is divided by 717?
702
Calculate the remainder when 18101 is divided by 213.
209
What is the remainder when 6514 is divided by 6418?
96
Calculate the remainder when 9286 is divided by 627.
508
What is the remainder when 51774 is divided by 1567?
63
What is the remainder when 378323 is divided by 13?
10
What is the remainder when 1791 is divided by 697?
397
What is the remainder when 10402 is divided by 10394?
8
What is the remainder when 7837 is divided by 247?
180
What is the remainder when 39530 is divided by 373?
365
Calculate the remainder when 4899 is divided by 1216.
35
What is the remainder when 490 is divided by 18?
4
What is the remainder when 4180 is divided by 69?
40
Calculate the remainder when 1707 is divided by 420.
27
Calculate the remainder when 38406 is divided by 2743.
4
What is the remainder when 42033 is divided by 221?
43
Calculate the remainder when 857889 is divided by 44.
21
Calculate the remainder when 280075 is divided by 46676.
19
Calculate the remainder when 83571 is divided by 151.
68
What is the remainder when 661 is divided by 618?
43
Calculate the remainder when 1318 is divided by 1304.
14
Calculate the remainder when 262891 is divided by 12518.
13
Calculate the remainder when 1479 is divided by 170.
119
Calculate the remainder when 68751 is divided by 4295.
31
What is the remainder when 192